*j - 645. Calculate b(656).
11
Let o(u) = -3*u**2 - 734*u + 53750. Calculate o(59).
1
Let s(t) = t**2 - 74264*t + 891200. Calculate s(12).
176
Let n(o) = -o**3 + 73*o**2 - 125*o - 553. Calculate n(-2).
-3
Let o(t) = -362*t + 32173. What is o(96)?
-2579
Let r(x) = x**2 - 610*x - 785. Give r(0).
-785
Let y(p) = -7*p**3 - 127*p**2 - 21*p - 234. Give y(-18).
-180
Let j(v) = 2*v**3 + 8*v**2 + 44*v - 848. Determine j(6).
136
Let w(h) = h**3 + 27*h**2 - 124*h - 171. Give w(5).
9
Let b(s) = -6*s**2 + 273*s - 3027. What is b(11)?
-750
Let d(g) = -273*g - 3828. Give d(-10).
-1098
Let w(k) = 5244*k**2 - 194035*k + 252. Give w(37).
-7
Let j(t) = t**3 + 361*t**2 + 51*t + 18442. Determine j(-361).
31
Let o(j) = -2*j**3 + 605*j**2 + 9194*j - 283. Determine o(317).
34
Let y(t) = t**3 + 39*t**2 - 70*t - 172. What is y(-40)?
1028
Let l(j) = -1628*j - 148162. Calculate l(-91).
-14
Let z(m) = m**3 + 22*m**2 - 21*m + 94. Calculate z(-19).
1576
Let b(i) = -40*i**3 - 142*i**2 - 15*i + 14. Give b(-4).
362
Let g(h) = -8*h**2 - 737*h - 1300. Determine g(-90).
230
Let m(d) = -3*d**3 - 91*d**2 - 452*d + 1. What is m(-25)?
1301
Let z(h) = -3*h**3 - 210*h**2 + 732*h + 5490. What is z(-73)?
15
Let a(x) = 895458*x + 6268177. What is a(-7)?
-29
Let v(q) = 6*q**3 + 1395*q**2 + 700*q + 927. What is v(-232)?
-1
Let t(n) = n**3 + 5*n**2 - 172*n - 1014. What is t(-7)?
92
Let v(n) = -5*n**2 - 163*n - 124. Give v(-35).
-544
Let o(f) = f**3 - 98*f**2 + 1035*f - 220. Give o(86).
38
Let n(g) = -g**2 + 3771*g - 197309. Calculate n(53).
-255
Let o(d) = 295*d**2 + 2760*d + 71. Give o(-10).
1971
Let i(g) = g**2 - 2268907*g - 4537821. What is i(-2)?
-3
Let v(x) = 219*x - 32830. Determine v(135).
-3265
Let v(p) = -p**3 - 101*p**2 + 1247*p + 1868. Calculate v(-112).
188
Let w(p) = 1193*p + 105013. Calculate w(-88).
29
Let f(k) = 24435*k + 48884. Give f(-2).
14
Let b(n) = -157*n**3 + 26383*n**2 - 1177*n + 165. Determine b(168).
-3
Let f(d) = d**2 + 139*d + 2822. Determine f(-24).
62
Let i(n) = 57*n**2 - 3523*n + 38168. Determine i(14).
18
Let x(q) = q**3 + 262*q**2 - 3289*q - 197. Give x(-274).
77
Let x(a) = 75*a**2 - 192*a + 383. What is x(2)?
299
Let j(n) = -n**2 + 138*n + 51909. What is j(-169)?
26
Let l(g) = 20187*g - 847827. Calculate l(42).
27
Let x(q) = q**2 - 313*q + 11606. Determine x(43).
-4
Let j(x) = -28*x**2 + 43*x + 616. Give j(-4).
-4
Let s(g) = -3*g**2 + 68*g + 347. What is s(32)?
-549
Let k(c) = -15*c**2 + 307*c + 1516. Calculate k(-5).
-394
Let t(c) = -c**3 - 116*c**2 + 162*c + 1212. Give t(-117).
-4053
Let v(o) = 8*o**3 + 45*o**2 - 117*o - 667. Give v(-5).
43
Let x(a) = 3*a**2 - 12201*a - 122314. Calculate x(-10).
-4
Let v(n) = -3245520*n + 16227591. Determine v(5).
-9
Let k(r) = 1083*r + 35735. Give k(-33).
-4
Let q(s) = -27*s**2 + 2708*s - 793. What is q(100)?
7
Let g(q) = -5*q - 1415. Determine g(-49).
-1170
Let b(a) = 4*a**2 + 14050*a - 28103. Calculate b(2).
13
Let o(v) = -v**2 - 32*v + 294. Determine o(16).
-474
Let d(z) = -1184*z + 7877. Give d(7).
-411
Let n(i) = 40*i**3 + 1482*i**2 + 118*i + 1625. Determine n(-37).
-3
Let k(q) = 3781630*q + 8. Calculate k(0).
8
Let y(c) = -2*c**2 + 333*c + 2566. Determine y(174).
-44
Let u(t) = -19*t**2 + 193*t + 473. What is u(-2)?
11
Let k(w) = -416*w - 1547. Calculate k(-2).
-715
Let z(l) = 3*l**3 + 3788*l**2 - 1401*l - 174300. Determine z(-1263).
-6
Let a(y) = -1044*y - 31264. Calculate a(-30).
56
Let b(p) = -2*p**3 - 352*p**2 - 364*p - 2378. Give b(-175).
72
Let u(w) = -4*w**2 + 67*w + 1079. Calculate u(-18).
-1423
Let v(m) = -m**3 - 32*m**2 - 3958*m - 78266. Calculate v(-21).
1
Let c(f) = f**2 - 340*f - 45629. What is c(443)?
0
Let h(a) = a**3 - 22*a**2 - 3855*a - 383. What is h(-52)?
-19
Let g(p) = -p**2 - 270*p - 18170. What is g(-129)?
19
Let w(n) = -2*n**3 + 290*n**2 + 1185*n + 971. Determine w(149).
-72
Let i(l) = -83*l - 7521. Calculate i(-93).
198
Let f(m) = 2*m**3 - 25*m**2 + 18*m - 25. What is f(13)?
378
Let q(n) = 366*n - 104915. Determine q(287).
127
Let i(k) = 1490*k**2 + 55136*k - 117. Give i(-37).
-339
Let d(i) = -2*i**3 + 61*i**2 - 335*i + 50. Calculate d(7).
8
Let r(u) = -u**3 - 47*u**2 + 385*u + 14010. Give r(-49).
-53
Let r(w) = 2*w**2 + 31*w + 3. Calculate r(-11).
-96
Let o(b) = -2*b**2 - 176335*b + 881697. Determine o(5).
-28
Let x(p) = -59368*p - 296851. Give x(-5).
-11
Let h(o) = 6297*o + 43824. What is h(-7)?
-255
Let t(b) = -4*b**2 - 2127*b - 24816. What is t(-12)?
132
Let w(r) = r**2 - 938*r - 95890. Calculate w(-93).
-7
Let r(s) = 5*s**3 - 47*s**2 + 193*s - 1598. Calculate r(9).
-23
Let b(u) = -1206*u + 4011. Determine b(3).
393
Let z(n) = 3*n**3 + 145*n**2 - 64*n + 2696. Give z(-49).
1030
Let f(a) = 1005323*a - 25133084. Calculate f(25).
-9
Let f(b) = 43*b + 886. Determine f(7).
1187
Let b(d) = d**3 - 2*d**2 + 10*d + 699. Calculate b(13).
2688
Let k(u) = -186*u - 2841. Give k(-13).
-423
Let v(i) = i**3 - 12*i**2 - 80*i - 2288. Determine v(21).
1
Let h(i) = 32*i**2 - 184*i + 246. What is h(3)?
-18
Let d(j) = 108*j**3 - 24*j**2 - 100*j - 161. Calculate d(-2).
-921
Let m(a) = -772*a**2 - 1773*a + 2. Give m(-3).
-1627
Let x(a) = 324*a - 32358. Determine x(104).
1338
Let l(x) = 5*x**2 - 1084*x + 17573. Calculate l(199).
-138
Let o(t) = 3*t**3 - 2072*t**2 - 688*t - 2061. What is o(691)?
12
Let t(s) = 663576*s + 7299352. Calculate t(-11).
16
Let h(y) = -3*y**3 - 30*y**2 - 117*y - 125. Calculate h(-9).
685
Let u(x) = -392*x + 17312. Give u(46).
-720
Let s(f) = f**3 - 49*f**2 + 568*f - 1777. Determine s(10).
3
Let i(j) = -j**3 + 2*j**2 + 201*j + 169. Determine i(15).
259
Let o(m) = 3*m**3 - 1576*m**2 + 3661*m + 28. Give o(523).
28
Let f(i) = 682*i + 5750. What is f(-8)?
294
Let c(f) = 101*f**3 + 23932*f**2 - 1186*f - 256. Calculate c(-237).
-19
Let y(t) = 2819*t - 3126. Determine y(0).
-3126
Let j(i) = -i**3 + 166*i**2 - 6823*i - 173. Determine j(91).
9
Let f(m) = -4*m**2 - 7484*m + 7480. Determine f(1).
-8
Let z(h) = 1323*h + 64504. What is z(-49)?
-323
Let u(g) = 955*g - 3163. Give u(3).
-298
Let n(c) = 2*c**2 + 669*c - 10803. What is n(-350)?
47
Let q(g) = -110*g**2 + 3524*g + 21. Give q(32).
149
Let a(l) = 5248*l - 682241. What is a(130)?
-1
Let m(t) = 3292*t + 3376. Determine m(-1).
84
Let q(i) = -i**3 + 67*i**2 - 745*i + 241. Give q(53).
82
Let n(v) = -2*v**3 + 591*v**2 + 24240*v - 1220. What is n(332)?
108
Let q(d) = -d**3 - 87*d**2 - 857*d - 1590. Calculate q(-76).
6
Let r(x) = 2*x**3 + 50*x**2 + 62*x + 199. Give r(-24).
-137
Let f(q) = -39680*q + 2856987. Calculate f(72).
27
Let c(q) = 326*q + 1753. Calculate c(-3).
775
Let n(f) = -f**2 + 163*f - 6213. What is n(49)?
-627
Let d(x) = 190*x - 17761. Calculate d(96).
479
Let i(a) = -19*a**3 - 95*a**2 - 135*a - 675. Give i(-5).
0
Let x(h) = 2*h**3 - 25*h**2 - 17566*h + 245340. Determine x(14).
4
Let o(k) = -1033*k + 7575. What is o(8)?
-689
Let p(n) = 1605*n - 895631. What is p(558)?
-41
Let s(k) = -23*k**2 + 920*k - 312. Determine s(37).
2241
Let y(m) = -m**2 + 57*m - 214. Calculate y(55).
-104
Let p(f) = -23*f**2 + 152*f + 2172. Give p(-12).
-2964
Let f(x) = -2*x + 404. Determine f(117).
170
Let u(b) = -26*b**3 + 12*b**2 + 29*b + 17. Give u(-4).
1757
Let g(i) = -76*i**2 + 3713*i + 456. Give g(49).
-83
Let f(q) = -9183*q + 27741. Give f(3).
192
Let w(y) = 283*y**3 - 11*y**2 - 23*y - 23. Give w(-1).
-294
Let h(d) = d**3 + 20*d**2 + 248*d + 4360. Calculate h(-19).
9
Let y(z) = z**2 + 308022*z - 2156210. Give y(7).
-7
Let n(c) = 22636*c + 45435. Calculate n(-2).
163
Let k(t) = 43233*t - 734963. Calculate k(17).
-2
Let d(f) = -f**3 - 178*f**2 - 522*f + 796. What is d(-175)?
271
Let b(n) = n**2 + 15353*n + 260751. Determine b(-17).
39
Let u(v) = -40601*v + 40602. Determine u(1).
1
Let p(t) = -t**3 - 103*t**2 - 2759*t - 297808. What is p(-104)?
-56
Let o(i) = i**2 + 57*i + 434. Give o(-21).
-322
Let y(h) = -414*h - 110138. Calculate y(-266).
-14
Let i(o) = -o**3 - 98*o**2 - 820*o - 90984. Determine i(-99).
-3
Let a(y) = -94*y**2 - 66*y + 898. Give a(4).
-870
Let w(u) = 41*u**2 - 68928*u - 472648. Give w(1688).
-8
Let h(o) = 191*o + 3507. Calculate h(-22).
-695
Let q(s) = 231569*s - 694716. What is q(3)?
-9
Let y(l) = -2*l**3 - 2*l**2 + 3789*l - 15068. Determine y(4).
-72
Let r(f) = 263*f - 8999. Calculate r(33).
-320
Let p(r) = -4*r**3 + 132*r**2 - 1019*